{"id":638,"date":"2013-03-30T19:51:07","date_gmt":"2013-03-30T18:51:07","guid":{"rendered":"http:\/\/sb-mannheim.badischer-schachverband.de\/wordpress\/?page_id=638"},"modified":"2016-10-21T16:50:28","modified_gmt":"2016-10-21T14:50:28","slug":"638-2","status":"publish","type":"page","link":"http:\/\/sb-mannheim.badischer-schachverband.de\/wordpress\/?page_id=638","title":{"rendered":"Senioren"},"content":{"rendered":"<p><span style=\"text-decoration: underline;\"><strong>21.10. 2016<\/strong><\/span><\/p>\n<p><strong>24. Bad. Senioren-Mannschaftsmeisterschaft 206 \/2017<\/strong><\/p>\n<p><span style=\"color: #000000;\">Liebe Schachfreunde,<\/span><\/p>\n<p><span style=\"color: #000000;\">interessierte Vereine werden gebeten, Meldungen f\u00fcr die 24. Badische Senioren-Mannschaftsmeisterschaft abzugeben. Spielberechtigt sind Senioren ab 60 Jahren (Damen ab 55). Jeder Verein meldet 4 bis max. 16 Spieler mit Geb.-Datum und DWZ falls vorhanden. Es k\u00f6nnen wie bisher Spielgemeinschaften aus 2 Vereinen gebildet werden. \u00a0Die Reihenfolge der gemeldeten Spieler ist bindend, au\u00dfer der Einschr\u00e4nkung, dass 2 benachbarte Bretter tauschen k\u00f6nnen. \u00a0Die Bedenkzeit betr\u00e4gt 90 Minuten f\u00fcr 40 Z\u00fcge plus 30 sek. Bonus ab 1. Zug<\/span><\/p>\n<p><span style=\"color: #000000;\">Ein Spieler ist als Mannschaftsf\u00fchrer zu benennen mit Tel.-Nr., Adresse und ggf. e-mail Adresse. Die Meldungen sollten bis 10. Nov. 2016 bei mit eingegangen sein. Ich werde dann die Auslosungen vornehmen, Paarungen und Terminvorschl\u00e4ge machen und an den BSV weiterleiten. Die Vorrunden auf Bezirksebene enden am 31. 03. 2017. Danach finden Stichk\u00e4mpfe auf Badischer Ebene statt.<\/span><\/p>\n<p><span style=\"color: #000000;\">\u00dcber\u00a0Einzelheiten der Turnier-Ausschreibung und Termine der Zwischen- und Endrunde informiere man sich auf der Homepage des BSV unter &#8222;Offizielles&#8220; und &#8222;Senioren&#8220;.<\/span><\/p>\n<p><span style=\"color: #000000;\">F\u00fcr Fragen stehe ich jederzeit gerne zu Verf\u00fcgung.<\/span><\/p>\n<p><span style=\"color: #000000;\">Mit freundlichen Gr\u00fc\u00dfen<\/span><\/p>\n<p><span style=\"color: #000000;\">Armin Bauer (Referent f\u00fcr Seniorenschach Bez. Mannheim)<\/span><br \/>\n<span style=\"color: #000000;\"> Neulussheimer Weg 9<\/span><br \/>\n<span style=\"color: #000000;\"> 68782 Br\u00fchl<\/span><br \/>\n<span style=\"color: #000000;\"> Tel 06202-75397<\/span><br \/>\n<span style=\"color: #000000;\"> otrix.bauer@kabelbw.de<\/span><\/p>\n<p>&nbsp;<\/p>\n<p><span style=\"text-decoration: underline;\"><strong>06.10.2014<\/strong><\/span><\/p>\n<h6><span style=\"font-family: arial,helvetica,sans-serif; font-size: 14px;\"><strong>Meldungen f\u00fcr die 22. Badische Senioren-Mannschaftsmeisterschaft<\/strong><\/span><\/h6>\n<p><span style=\"color: #000000;\">Liebe Schachfreunde,<\/span><\/p>\n<p><span style=\"color: #000000;\">interessierte Vereine werden gebeten, Meldungen f\u00fcr die 22. Badische Senioren-Mannschaftsmeisterschaft abzugeben. Spielberechtigt sind Senioren ab 60 Jahren (Damen ab 55). Jeder Verein meldet 4 bis max. 12 Spieler mit Geb.-Datum und DWZ falls vorhanden. Es k\u00f6nnen wie bisher Spielgemeinschaften aus 2 Vereinen gebildet werden. \u00a0Die Reihenfolge der gemeldeten Spieler ist bindend, au\u00dfer der Einschr\u00e4nkung, dass 2 benachbarte Bretter tauschen k\u00f6nnen (neu!). Die Bedenkzeit betr\u00e4gt 90 Minuten f\u00fcr die Partie plus 30 sek. Bonus ab 1. Zug (neu!)<\/span><\/p>\n<p><span style=\"color: #000000;\">Ein Spieler ist als Mannschaftsf\u00fchrer zu benennen mit Tel.-Nr., Adresse und ggf. e-mail Adresse. Die Meldungen sollten bis 3. Nov. 2014 bei mit eingegangen sein. Ich werde dann die Auslosungen vornehmen, Paarungen und Terminvorschl\u00e4ge machen und an den BSV weiterleiten. Die Vorrunden auf Bezirksebene enden am 30. 03. 1915. Danach finden Stichk\u00e4mpfe auf Badischer Ebene statt.<\/span><\/p>\n<p><span style=\"color: #000000;\">\u00dcber\u00a0Einzelheiten der Turnier-Ausschreibung und Termine der Zwischen- und Endrunde informiere man sich auf der Homepage des BSV unter &#8222;Offizielles&#8220; und &#8222;Senioren&#8220;.<\/span><\/p>\n<p><span style=\"color: #000000;\">F\u00fcr Fragen stehe ich jederzeit gerne zu Verf\u00fcgung.<\/span><\/p>\n<p><span style=\"color: #000000;\">\u00a0<\/span><\/p>\n<p><span style=\"color: #000000;\">Mit freundlichen Gr\u00fc\u00dfen<\/span><\/p>\n<p><span style=\"color: #000000;\">Armin Bauer (Referent f\u00fcr Seniorenschach Bez. Mannheim)<\/span><\/p>\n<p><span style=\"color: #000000;\">Neulussheimer Weg 9<\/span><\/p>\n<p><span style=\"color: #000000;\">68782 Br\u00fchl<\/span><\/p>\n<p><span style=\"color: #000000;\">Tel 06202-75397<\/span><\/p>\n<p>&nbsp;<\/p>\n<p style=\"text-align: justify;\"><strong><span style=\"text-decoration: underline;\">30.04.2013<\/span><\/strong><br \/>\n<strong>Sensationeller Sieg der Spielgemeinschaft SK Mannhein 1946\/SK Ladenburg gegen den Badischen Mannschaftsmeister von 2010\/11 SC Eppingen.<\/strong><\/p>\n<p>Ersatzgeschw\u00e4cht mit nur 3 Spielern mu\u00dfte die von Frank Schmidt gef\u00fchrte Mannschaft SK MA 46 \/ Ladenburg gegen die haushohen Favoriten aus Eppingen antreten und erreichte einen kaum glaubhaften Sieg mit folgenden Einzelergebnissen:<\/p>\n<p>Villing,D &#8211; Sandmeier,T remis<br \/>\nWeller,K &#8211; Dekan,H 1-0<br \/>\nSchmidt,F &#8211; Staub,G 1-0<\/p>\n<p>Der kampflose Punkt von R. Striebich f\u00fcr das Eppinger Seniorenteam konnte damit das Endergebnis nicht mehr \u00e4ndern.<br \/>\nIn der n\u00e4chsten KO-Runde m\u00fcssen die unsere Spieler des Schachbezirks Mannheim nun bis sp\u00e4testens zum 26.5. 2013 beim SK HD-Handschuhsheim antreten.<\/p>\n<p>Armin Bauer<\/p>\n<p style=\"text-align: justify;\"><strong><span style=\"text-decoration: underline;\">6.04.2013<\/span><\/strong><br \/>\n<span style=\"font-size: 14px;\"><strong><span style=\"font-family: arial,helvetica,sans-serif;\">Bezirksmannschaftsmeisterschaft<\/span><\/strong><\/span><\/p>\n<p>Am 15. 2. 2013 spielten bei der Senioren-Bezirksmeisterschaft die Spielemeinschaft SC Ketsch\/SF Br\u00fchl gegen die Spielgemeinschaft SK Mannheim 46\/SK Ladenburg 1,5 : 2,5 mit folgenden Einzelergebnisen:<\/p>\n<p>Bauer,A &#8211; Villing,D \u00a0 \u00a0 \u00a0 \u00a0\u00a0 0-1<br \/>\nSessler,H &#8211; Weller,K \u00a0 \u00a0 \u00a0\u00a0 0-1<br \/>\nRohr,W &#8211; Schmitt,Ph \u00a0 \u00a0 \u00a0 1-0<br \/>\nEichhorn,R &#8211; Schmidt,F\u00a0 remis<\/p>\n<p>Ungl\u00fccklicherweise verpasste Heinz Sessler eine Gewinnm\u00f6glichkeit und verlor anschlie\u00dfend durch einen grobes \u00dcbersehen die f\u00fcr den Ausgang des Kampfes entscheidende Partie.<\/p>\n<p>Da die Senioren des SK Weinheim zun\u00e4chst ihren Kampf gegen SK Mannheim46\/SK Ladenburg kampflos verloren gaben und anschlie\u00dfend ihre Mannschaft zur\u00fcckzogen, qualifizierte sich Mannheim 46\/SK Ladenburg damit f\u00fcr die KO-Runde auf badischer Ebene, die mit der Begegnung SK Mannheim46\/SK Ladenburg gegen SC Eppingen bis sp\u00e4testens am 22.4.2013 fortgesetzt wird.<\/p>\n<p>Armin Bauer<\/p>\n","protected":false},"excerpt":{"rendered":"<p>21.10. 2016 24. Bad. Senioren-Mannschaftsmeisterschaft 206 \/2017 Liebe Schachfreunde, interessierte Vereine werden gebeten, Meldungen f\u00fcr die 24. Badische Senioren-Mannschaftsmeisterschaft abzugeben. Spielberechtigt sind Senioren ab 60 Jahren (Damen ab 55). Jeder Verein meldet 4 bis max. 16 Spieler mit Geb.-Datum und DWZ falls vorhanden. Es k\u00f6nnen wie bisher Spielgemeinschaften aus 2 Vereinen gebildet werden. \u00a0Die Reihenfolge [&hellip;]<\/p>\n","protected":false},"author":13,"featured_media":0,"parent":0,"menu_order":0,"comment_status":"closed","ping_status":"closed","template":"","meta":{"footnotes":""},"class_list":["post-638","page","type-page","status-publish","hentry"],"_links":{"self":[{"href":"http:\/\/sb-mannheim.badischer-schachverband.de\/wordpress\/index.php?rest_route=\/wp\/v2\/pages\/638","targetHints":{"allow":["GET"]}}],"collection":[{"href":"http:\/\/sb-mannheim.badischer-schachverband.de\/wordpress\/index.php?rest_route=\/wp\/v2\/pages"}],"about":[{"href":"http:\/\/sb-mannheim.badischer-schachverband.de\/wordpress\/index.php?rest_route=\/wp\/v2\/types\/page"}],"author":[{"embeddable":true,"href":"http:\/\/sb-mannheim.badischer-schachverband.de\/wordpress\/index.php?rest_route=\/wp\/v2\/users\/13"}],"replies":[{"embeddable":true,"href":"http:\/\/sb-mannheim.badischer-schachverband.de\/wordpress\/index.php?rest_route=%2Fwp%2Fv2%2Fcomments&post=638"}],"version-history":[{"count":2,"href":"http:\/\/sb-mannheim.badischer-schachverband.de\/wordpress\/index.php?rest_route=\/wp\/v2\/pages\/638\/revisions"}],"predecessor-version":[{"id":2298,"href":"http:\/\/sb-mannheim.badischer-schachverband.de\/wordpress\/index.php?rest_route=\/wp\/v2\/pages\/638\/revisions\/2298"}],"wp:attachment":[{"href":"http:\/\/sb-mannheim.badischer-schachverband.de\/wordpress\/index.php?rest_route=%2Fwp%2Fv2%2Fmedia&parent=638"}],"curies":[{"name":"wp","href":"https:\/\/api.w.org\/{rel}","templated":true}]}}